 16 + -5 + (2 - 1)?
8
1 - 3 - -13 - 5
6
Calculate 3 - 2 - ((-7 + 8 - 6) + 0).
6
What is the value of -1 - -10 - 37 - 6 - -5?
-29
Evaluate 24 + (4 - 0 - (14 + 25 + -36)).
25
Calculate 1 - (1 + 14 + -15).
1
What is the value of 11 + (-21 - -14) - (-5 + (-3 - -2))?
10
What is -12 + (-8 - -18 - -5)?
3
-11 - (-24 - (-2 + -1)) - 16
-6
Evaluate (-66 - -67 - -18) + (-1 - -15).
33
(40 - (5 + -9 + 10)) + (6 - 4)
36
Calculate -3 + 1 + -9 + 22 + -14 + 12.
9
Evaluate (2 - 3) + -22 + 21.
-2
16 - ((4 + -4 - 10) + 9)
17
Evaluate (6 - (16 - 8)) + 2.
0
Evaluate 25 - -1 - (8 - (-1 - (6 - 7))).
18
-3 + (6 - (-19 - -7))
15
Evaluate -3 + -1 - (-289 - -271).
14
Calculate 0 + 3 + (-17 - -7) + 6.
-1
Evaluate 21 - 13 - (20 + (-5 + 4 - -6)).
-17
4 + -4 + 5 + -9 + (4 - 8)
-8
What is -9 + 6 + (-1 - 1) + 3 + 5?
3
What is (300 - 301) + (1 - -14) + 5?
19
-2 + (-8 - -16) + -4
2
What is -17 - -5 - (10 + -2 - 16)?
-4
Evaluate -12 + (4 - 0) + 6 - -7.
5
Calculate -11 + 12 + 3 - (2 + 6 + 0).
-4
158 + -156 - ((4 - 2 - 0) + -7)
7
Calculate 23 + -9 + (-2 + -1 - (-9 - -9)).
11
Evaluate 1 + -4 + (-1 - (-5 + 9 + 3)).
-11
-9 + -1 - (13 + -14 + 7 + 2)
-18
What is the value of -10 + 11 + (-8 - -1) + (1 - 4)?
-9
What is -52 + 23 + 14 + -1 + 8 + 22?
14
(1 - (0 + 2)) + (28 - (15 + 23))
-11
Calculate 2 + (-9 - -10 - -4 - (-5 - -1)).
11
Calculate -9 - (19 + -17 - 6) - 9.
-14
What is the value of 1 - -68 - (635 + -592)?
26
What is -8 + 7 + -6 + (-39 - -45)?
-1
Calculate -27 + 15 + -5 + (0 - 5).
-22
-3 + -15 + 14 + 11 + -1
6
(-7 - -26) + (-1 - 24) + -4
-10
What is the value of (7 + 37 - 34) + 1 + -28?
-17
(-7 - (11 - 7 - 13 - -4)) + -2
-4
What is the value of 898 + -899 + 0 + 2 + -25?
-24
(7 + -11 - (-2 - 2)) + -4
-4
What is 3 + -1 + -14 - -6?
-6
63 + -39 + -19 + 19
24
Calculate 3 - (0 - -14) - -3.
-8
Evaluate -16 + (6 - (-1 + (6 - 4))).
-11
What is 0 + 27 - 5 - 14?
8
What is -12 + -1 + 5 - (-12 - -1)?
3
Calculate 12 - (1 + 21) - -27.
17
17 + -4 + -23 + -12 - (2 + 6)
-30
Evaluate -12 - 0 - (-3 + -8 + 5).
-6
Evaluate 3 - (0 + -12 + 1 + 2).
12
What is the value of 12 + -34 + 3 + 14?
-5
Calculate (6 - 9) + -11 + 8.
-6
13 + -3 + 54 + -58
6
What is -4 - -9 - (225 + -253)?
33
(34 - 36) + (6 - 11)
-7
Evaluate (3 - 1 - -3) + (-9 - (0 + 3)).
-7
What is the value of 37 + (-24 - -15) + -15?
13
Calculate 220 + -222 - (6 - 0) - (2 + -4).
-6
(75 - 62) + -2 + -2
9
What is the value of (11 + 8 - 13) + 0 + 1?
7
What is 22 - (13 - 8) - (4 + 6)?
7
What is (-2 - -10) + 0 + -6 + -13?
-11
Calculate -2 + 24 + -32 + 30.
20
Evaluate -5 + (18 + -7 - (7 + -2)).
1
What is the value of 9 - (-2 + 3) - 5 - 6?
-3
(-2 - (2 + (13 - (4 + 4)))) + 0
-9
Evaluate (4 - -3) + 4 - (-48 - (-16 - 12)).
31
19 + -5 + (-18 - -4)
0
What is the value of -9 + (5 - (-1 + 1 + 14 + -6))?
-12
Calculate 7 + -12 + -4 - (-8 + 6).
-7
Evaluate (0 - (14 + -35)) + -24.
-3
Evaluate 8 + -10 + 9 + 10.
17
What is the value of (-2 - -1) + 4 - (-10 + (4 - 9))?
18
(2 - 0) + -5 + (3 - 1) + -10
-11
What is the value of -25 + 7 - -21 - (-12 + 1)?
14
Calculate (13 + -7 - (3 + -4)) + -9.
-2
Calculate (0 - (5 - (-2 + -7))) + -3.
-17
Calculate -73 - -89 - (-2 + 0).
18
Calculate (-2365 - -2382) + (1 - (0 - 9) - -1).
28
Evaluate -2 - (-8 + 10) - -4 - -8.
8
Evaluate 7 + (-12 - -18) - (5 - -3).
5
Calculate (-6 - -1) + (-1 - -7 - 2) - -5.
4
What is -29 + (-33 - -112) + -40?
10
Calculate (-3 - ((-3 - 1) + 1)) + 29 + -38.
-9
8 + -6 - (38 + -34)
-2
What is the value of -1 - ((-21 - (1 + -9)) + 1)?
11
Evaluate -9 - (-6 + (23 + 1 + -6 - 2)).
-19
What is the value of 24 + (8 + -13 + 3 - 12)?
10
What is the value of 1 + -1 + 58 + -39 + -1 + 0?
18
What is 1 + -7 - (-4 + 5 + -90 + 83)?
0
What is the value of 11 + -12 + (-11 - -21) + 4?
13
What is 2 + (4 - 5) + (-1 - 15) - -5?
-10
What is -7 - (-3 + -1) - (40 - 27)?
-16
Evaluate ((-7 - -6) + 4 + 2 - -15) + -2.
18
Calculate ((3 - 9 - 2) + 16 - 17) + -8.
-17
What is -10 - (-36 + 27 - (-2 - 5 - -1))?
-7
13 + (22 - 13 - 15)
7
What is -7 + 4 + 0 - (13 + -6 - 23)?
13
Calculate 18 - ((12 - -3) + 87 + -94).
10
0 + 10 - 16 - (-1 - -4)
-9
Calculate (-25 - -63 - 8) + (0 - 5).
25
What is the value of (2 + 3 - (9 - (19 - 6))) + 4?
13
Calculate (-3 - 0) + 5 - (-4 - 2) - 0.
8
What is (8 - (-11 - -16) - (-2 - -5)) + -8?
-8
What is 9 + -5 - (0 + -4 + 26 + -28)?
10
What is 8 + (-2 - (8 + -1 - (6 + 0)))?
5
What is -11 + -13 + (13 - -44) + -11?
22
What is 43 + (5 - (-16 + 35)) + -1?
28
What is the value of 16 + (11 - (25 + -3))?
5
Calculate -5 - ((37 - 47) + -19).
24
What is the value of 36 + (-5 + -43 - -24)?
12
What is the value of -10 + 1 - (28 - (30 + 2))?
-5
What is the value of (16 - (44 - 25)) + 5 + -33?
-31
Evaluate 0 - 34 - (208 - 207 - (6 - 3)).
-32
(85 - 30) + -9 + -17
29
-2 + (-6 - (2 + -6))
-4
1 + (566 - 559) + (5 + 0 - 0)
13
Evaluate -12 - (0 - 20 - 4).
12
What is the value of 8 - (9 - (17 - 10) - 4 - 22)?
32
Evaluate -18 + (7 - (6 + -7)).
-10
Evaluate 3 + (31 - (4 - (-12 + 14 - 2))).
30
What is the value of 33 - (22 + (-9 - -7))?
13
What is the value of -84 + 124 + (-13 - 53)?
-26
Evaluate (-9 - 5) + (2 - -4) + (5 - 4).
-7
Calculate (-17 - (-13 + 21)) + 3.
-22
What is the value of (-2 - 0) + ((23 - 16) + 12 - 10)?
7
What is the value of (-3 - (-3 + 2)) + (-4 + 13 - 3)?
4
What is 10 - (1 + -7 - -5)?
11
-11 - (16 + (-52 - -20))
5
What is the value of (0 - -18) + (180 - 172)?
26
-2 + 26 - (-133 - -144)
13
What is 1 + -26 - (982 + -987)?
-20
What is the value of -9 + 15 - (-5 + 5 + -5 + 0)?
11
What is the value of (4 - ((-2 - 6) + (-3 - -24))) + 7?
-2
21 + (-14 - 19) + 27
15
Evaluate -11 - (-15 - -6) - (0 + 1 - -2).
-5
20 + (5 - 3) + -9 - 13
0
Evaluate -5 - ((2 - 2 - 16) + (125 - 123)).
9
Calculate (-1 - -3) + -3 + 10 + 1.
10
Evaluate (239 - 244) + (16 - -1).
12
What is the value of (-5 - -1) + (71 - 54)?
13
Calculate -5 + 1 + (-1 - 1) + (0 - 0).
-6
(-13 - 0) + -80 + 78
-15
18 - (31 - 11) - 5 - (-21 - 0)
14
Calculate -4 + 3 - (-1 - (9 + 0)).
9
What is the value of 4 - -14 - ((62 - 65) + -2 + 15)?
8
What is 68 - (-6 + (60 - 18))?
32
Evaluate 1487 - 1478 - ((29 - -2) + 2).
-24
Evaluate -2 + (9 - 9) - 10 - -22.
10
What is -10 + (11 - -1 - (22 + -16))?
-4
1 + -26 - (-18 - (24 + -37))
-20
What is the value of (-41 - (16 + -37)) + 36?
16
Evaluate (-4 + 8 - 8) + (14 - 10) - 6.
-6
4 - 12 - (5 + 7 + -6 - -2)
-16
6 + (-5 + -7 - -4) - -8
6
Calculate 4 + (9 - (-1 + 13) - 11).
-10
Evaluate (6 + 17 - (3 - -6)) + 6.
20
(8 - (4 + -6)) + 0 + (200 - 190)
20
What is the value of -20 + 33 + -26 - (-5 - (3 + -3))?
-8
What is the value of -63 - 4 - (-58 + 15)?
-24
Evaluate -15 - (18 + 30 + -50).
-13
What is (17 + -22 - (-3 + -1)) + 4 - 6?
-3
(-366 - -411) + (-11 - 0)
34
-268 + 259 + (0 - 17)
-26
Evaluate -61 + 70 + (0 - -6).
15
Evaluate (154 - 133) + (-1 - 10).
10
-5 - (-1 - (-15 + 29))
10
Calculate 16 - (19 + 7) - -22.
12
Calculate 10 + (6 - (-20 - -55)).
-19
Evaluate (-12 - (-1 + (-7 - -12))) + 23.
7
Calculate -1 - -7 - ((0 - 4) + -6 + 25).
-9
Calculate (28 + -6 - 7) + 2 + -1 + 1.
17
What is the value of 2 + -14 - (144 + -145)?
-11
Evaluate 1 + -7 - 0 - ((-13 - 7) + 4).
10
What is 0 - 1 - -1 - ((-10 - -21) + -18)?
7
What is 36 - 49 - (-38 + 7)?
18
(-1 - -15) + (70 - 73)
11
What is the value of (8 - (9 - (3 - 8))) + -1?
-7
Evaluate (5 - (-8 + -7)) + -8 - 33.
-21
Calculate -62 + 1 - (-1112 - -1077).
-26
What is the value of 24 + (23 - 5) + -10 + -16?
16
Evaluate -3 + (11 - (-8 + 7)).
9
1 + -16 + 20 + (1 - 0 - 2)
4
What is the value of 20 + ((-11 - 9) + 14 - -14)?
28
What is (-10 - 0) + 3 + -3 + (-45 - -43)?
-12
What is 8 - (9 + (-14 - -12))?
1
Evaluate 8 + (-13 - 3) - -15.
7
Evaluate -4 + (-30 - (-3 + -17)).
-14
-8 + (2 - 4) - (218 - 214)
-14
17 + (-6 - 3) + 6 - 7
7
What is (12 - (-10 + (-9 - -23))) + 1 + 2?
11
What is 5 + -12 + (20 - 6)?
7
What is (-1373 - -1368) + 2 + -2 + -16?
-21
What is the value of 8 + -9 + -11 + (-27 - -14)?
-25
0 + (32 + -53 - -59)
38
Evaluate 27 + -38 + 11 + (1 - (0 + 0)).
1
Evaluate -27 - ((-79 - -89) + (0 + -5 - -2)).
-34
Evaluate (21 - 90) + (15 - 2) - -19.
-37
Evaluate 12 - (-18 + (20 - -16)).
-6
What is (-2 + -1 - -9) + (-9 - 5)?
-8
What is 574 - 550 - (-1 + 31)?
-6
What is the value of (162 - 161) + 32 + -10?
23
What is the value of -14 + -26 - -82 - 52?
-10
What is (1 - 21) + (-10 + (2 - -12) - 8)?
-24
Calculate -11 - 3 - (-14 